ose -92 = 5*p - 112. Suppose d = 5 - p. Let c(a) = 2*a**2 + 5*a + 4. Let z(f) = -f**3 + f**2 + f + 1. Let u(r) = c(r) - 4*z(r). Calculate u(d).
3
Let c(y) = y - 14. Let q = -2 - -8. Calculate c(q).
-8
Let c(r) = r**2 - 5*r - 1. Let m(g) = -5 - 2*g**2 + 5 + 6*g**2. Let d be m(-1). Let p be c(d). Let w(o) = o + 7. Determine w(p).
2
Let o(b) be the third derivative of -b**5/60 - 7*b**4/24 + b**3 - 145*b**2. Give o(-8).
-2
Suppose 0 = 8*r - 6 + 6. Let n(t) be the first derivative of -t**2/2 - t - 13. Calculate n(r).
-1
Let d(z) = 20*z**3 + z**2 - z. Let l be d(1). Suppose 0 = 3*w - 7*w + 4, -4*i - l = -4*w. Let b be (-57)/9 - i/12. Let t(y) = y + 8. Determine t(b).
2
Let y(r) = 2*r**2 - r - 1. Let n = -2030 + 2027. Calculate y(n).
20
Let p(n) = n + 1. Let v(d) = -2*d + 6. Let x(a) = -p(a) - v(a). Suppose -4*t + 4*y + 3 = -41, 3*t - 13 = -2*y. Determine x(t).
0
Let v(s) = 10*s - 2. Let p(k) = k**2 + 6*k - 2. Let i be p(-5). Let q(c) = -9*c + 2. Let g(u) = i*q(u) - 6*v(u). Calculate g(4).
10
Let j(d) be the third derivative of d**5/60 - d**3/3 - d**2. Suppose 0*c - 5*c = -3*f - 593, -588 = -5*c - 2*f. Let g = 120 - c. Determine j(g).
2
Suppose -2*p + 16 = 5*u, 2*u - 7 - 9 = 4*p. Suppose -3*j + 1 = u. Let x(b) = 0*b**3 + b + 4*b**3 + 2*b**3 + 0*b**2 + b**2. Calculate x(j).
-6
Let d(h) = -h**3 - h**2 + 4*h + 1. Let i(k) be the third derivative of k**4/8 + 5*k**3 - 18*k**2. Let t be i(-11). Determine d(t).
7
Let d(a) = a**3 + 2*a**2 + 3*a**2 - 9*a**2 - 3*a**2 + 5 + 2*a. Calculate d(7).
19
Let d(p) = -2*p - 11. Let z be d(-9). Suppose 2*x = -x - k + z, 0 = k + 2. Let o(j) = -j + 4. Let l(c) = c - 8. Let i(b) = -2*l(b) - 5*o(b). Give i(x).
5
Let r be 1/(4*1/44). Let a = 14 - r. Let w(y) = 0*y**3 + 2*y**3 - a*y**3 - 4*y**2 - 3*y - 6 + 7*y. Determine w(-5).
-1
Let f(r) = -r - 8. Let x be (-5 + 325/39)*(-6)/(-5). What is f(x)?
-12
Let w(p) = -p**2 - 7*p - 3. Let l be (-7)/3 - (-4)/(-6). Suppose 6*v + 13 = 1. Let h = v + l. Calculate w(h).
7
Let n(s) = s**2 + 7*s - 5. Suppose 51*u - 48*u + 18 = 0. What is n(u)?
-11
Let h(a) = -4 - 226*a**2 + 6*a + 3*a**3 - 4*a**3 + 220*a**2. Let c(l) = -8*l + 1. Let o be c(1). Determine h(o).
3
Let u = 39 + -46. Let h(a) = 3*a + 14. Calculate h(u).
-7
Let c = -115 - -110. Let x be 0 + -5*6/c. Let p(l) = l**3 - 5*l**2 - 3*l - 5. Give p(x).
13
Let x(b) = 4*b - 1. Let w(t) = 3*t - 1. Let g(j) = -6*w(j) + 5*x(j). Let l(m) = -9*m + 191. Let v be l(21). Give g(v).
5
Let n(g) = 18 + 4*g + 0*g - 3*g - 23 - 2*g. What is n(-11)?
6
Let g(q) = 0 - 5 + 5 - q. Determine g(-7).
7
Let p(z) be the third derivative of -z**4/4 + z**3/2 + 116*z**2. Calculate p(3).
-15
Let p(m) = 0 + 2 + 2*m - 1. Suppose -8 = 3*d - 5. Let c(t) = -6*t**2 + 2*t + 2. Let n be c(d). Calculate p(n).
-11
Let v be (-1)/(-8)*((-182)/21 - -10). Let c(p) be the third derivative of 1/60*p**5 + 0 + v*p**4 + 0*p + 1/3*p**3 + 6*p**2. Give c(-3).
-1
Let h(w) = 13*w**2 + 1. Suppose -35*u - 50 + 15 = 0. Give h(u).
14
Let o(w) = -w**2 + 5*w + 5. Suppose -6*d = 3*r - 4*d - 16, 0 = -5*r + d + 31. Give o(r).
-1
Suppose -7*s + 2*s + 5 = -n, 15 = -3*n. Let x(g) = 1 + 8*g + s - 2 + g**2 + 2. Determine x(-9).
10
Let p(k) = k**3 - 3*k - 3. Suppose 0 = 3*g + 3*g - 78. Suppose g - 7 = -3*m. Determine p(m).
-5
Let v(l) = 9 + 8*l**2 - 185*l**3 - 4*l - 3*l + 186*l**3. Give v(-9).
-9
Let f(q) = q - 29. Let h be f(24). Let w(z) = -2*z**3 + 6*z**2 + 7*z - 7. Let g(n) = -3*n**3 + 12*n**2 + 13*n - 14. Let k(v) = h*w(v) + 3*g(v). Calculate k(-5).
-2
Let n = 89 - 78. Suppose 14*p = 25*p - n. Let o(s) = -10*s - 1. Calculate o(p).
-11
Let q(y) = -3*y**2 - y - 3. Let c(o) = o**2 - 1. Let u(l) = 4*c(l) + q(l). Let f(x) = -x + 6. Let n be f(0). Let i be 4/n*15/2. Give u(i).
13
Let m(s) = -s**3 + s**2. Let r(v) = 2*v**3 - 6*v**2 + 5*v - 5. Let g(h) = 3*m(h) + r(h). Give g(-5).
20
Suppose 4*z - 4*d + 12 = 0, -5*z = 2*d - 12 - 8. Let k(a) = -9 + 9 - z*a. Give k(3).
-6
Let q(d) = -d**2 + 4*d - 7. Let s = 40 + -44. Let m(p) = p**2 - 5*p + 7. Let u(i) = s*m(i) - 3*q(i). Let l be (1/2)/((-2)/(-24)). What is u(l)?
5
Let v(b) = -5*b. Let c(g) = -g**2 + 3*g + 3. Let n(t) = 7*t + 18. Let w be n(-2). Let u be c(w). Calculate v(u).
5
Let w(k) be the first derivative of 2*k + 2/3*k**3 - 5 - 2*k**2. Give w(2).
2
Let s(t) = 28*t**2 + t. Let r be -2 + (2/4*-2)/(-1). What is s(r)?
27
Let s = 98 - 93. Let a(f) = -7*f**3 + 9*f**2 - 9*f + 6. Let k(l) = 6*l**3 - 8*l**2 + 8*l - 5. Let h(p) = s*a(p) + 6*k(p). Calculate h(2).
2
Let z be (-5559)/(-872) - ((-19)/(-8) - 2). Let a(n) = n**2 - 7*n + 19. Calculate a(z).
13
Suppose 3*h - h = 6, 5*d + h = 38. Let j be -2 + 5/(2/2). Let y(k) = d*k - k**j - 4*k**2 + k**2 + 4 - 2*k**2. Calculate y(-6).
-2
Suppose 2*n = 5*q + 17, -7*n + q = -9*n - 1. Let s(v) = 3*v**3 - v**2 + 2*v - 1. Give s(n).
3
Let i be (-48)/4*(-5)/(-6)*-8. Let d = -75 + i. Let t(n) = n - 9. Give t(d).
-4
Suppose -15*d + 15 = -15. Let t(x) = 2*x**3 - x**2 - x. What is t(d)?
10
Let a(x) = x**2 + x + 2. Let k be a(-2). Let l(f) = 5*f - 2*f + 0*f + 6 - k*f. Give l(6).
0
Let o be ((-3)/(-3) - (-68)/2)*1. Let a = o - 29. Let m(q) = -q**3 + 5*q**2 + 6*q - 4. Determine m(a).
-4
Let p(r) = 4*r**2 - 2*r. Suppose -6*k - 6 = -9*k. Let i = -18 + k. Let m be (i/(-20))/(4/10). What is p(m)?
12
Let x(q) = -2*q - 2 - q**2 + 2*q + 5*q. Let d = 1678 + -1672. What is x(d)?
-8
Let k(l) = 3*l**2 + 7*l + 6 + 0*l**2 - 2*l**2. Let f = -2514 - -2507. What is k(f)?
6
Let d(b) = 3*b + 133. Let m be d(-43). Let o(q) = -4*q - 1. Calculate o(m).
-17
Let b = 81 + -82. Let j(f) be the third derivative of 5*f**4/12 + f**3/6 + 7*f**2. Determine j(b).
-9
Suppose -3*c - 17 = -5*r - 3, -4*r + 14 = -c. Let m(w) = -r*w - 80 + 10*w + 81. Calculate m(-1).
-5
Suppose -3*r + 7 = -5. Let f(i) = -13*i + 4. Let t(p) = -6*p + 2. Let o(z) = 4*f(z) - 9*t(z). Calculate o(r).
6
Let q = -25 + 27. Let s(x) = -211*x**q + 210*x**2 + 0*x + 4*x + 5. Let j be 9 + -2 - (0 - -1). Determine s(j).
-7
Let w be 9/6*(-40)/(-12). Suppose 0 = 3*r + v - w, -5*r + 19 = -v. Suppose -2 = r*i + 7. Let a(c) = -2*c - 2. Determine a(i).
4
Let k(a) = -a**2 - 1. Let v(f) = -f**3 + f**2 + 3*f. Let q(r) = 3*k(r) + v(r). What is q(-4)?
17
Let g(f) = 21*f + 93. Let y(j) = 3*j + 13. Let h(i) = 2*g(i) - 15*y(i). Determine h(-5).
6
Let v(d) = -201*d**3 + 2*d - 6*d**2 + 0*d + 202*d**3 - 6. What is v(5)?
-21
Let z(f) = f**2 + 4*f - 5. Suppose -4*p - 4 = 0, -2*j - 16 + 21 = p. Determine z(j).
16
Let m(r) = -20*r**2 - 47*r + 39. Let x(q) be the second derivative of 7*q**4/12 + 8*q**3/3 - 13*q**2/2 - 32*q. Let b(v) = -6*m(v) - 17*x(v). What is b(-11)?
-2
Suppose h + 0*v + v - 6 = 0, 0 = h - 2*v + 3. Let o(u) = 7*u**3 - 2*u**h + u - u**2 - 1 + 5*u**3. Suppose 0 = m - 0*m - 1. Calculate o(m).
9
Let n(g) = g + 1. Let z(k) be the second derivative of k**4/24 + k**3 - k**2 + 5*k. Let y(v) be the first derivative of z(v). Let t be y(-12). Give n(t).
-5
Let a(b) = -b. Let q(j) = j. Let z(h) = 3*a(h) - 6*q(h). Give z(1).
-9
Let p(w) be the third derivative of 0*w - 2*w**2 - 2/3*w**3 - 1/6*w**4 + 0 - 1/60*w**5. Determine p(-4).
-4
Let v(k) = -k**3 + 3*k + 2. Suppose 0 = -10*m - 20 - 0. Give v(m).
4
Let o(k) = -k - 1. Let m = -14 - -20. Suppose -3*b - 9 = 0, -c + 4*b + 23 - m = 0. Determine o(c).
-6
Suppose -3*j + 3 = -2*s, 3*j - 3*s + 3 = s. Suppose f - 7 = -j*l, f + 3*l = 6*f + 37. Let q(z) = 7*z + 4. Give q(f).
-31
Let u(y) = -3*y**2 + y. Let x(w) = -19*w**2 + 2*w - 1. Let h(m) = 4*u(m) - x(m). Give h(-1).
6
Let p(s) = -10*s - 1. Let g be (1 - (1 - -2))/(-2). Let i(z) = z + 1. Let w(h) = g*p(h) + 4*i(h). Suppose 4*m - 4*x = 5*m + 2, 5*x + 7 = m. Give w(m).
-9
Let g(s) = -1 - 50*s**2 + s**3 - 53*s**2 + 154*s**2 - 49*s**2. Let m = -7 + 5. What is g(m)?
-1
Let j(d) be the third derivative of -9*d**4/8 + d**3/6 + 257*d**2. What is j(1)?
-26
Let w(q) = -q**2 + 2*q + 5. Let m = 113 - 113. Determine w(m).
5
Let v(w) = 6 - 2*w - 87*w**3 + 50*w**3 + 4*w**2 + 4*w**2 + 38*w**3. What is v(-8)?
22
Let y(s) = -s**2 + 5*s - 3. Let b be y(3). Let l be ((-1)/(b/12))/(-2). Let a(h) = 5*h - 3. What is a(l)?
7
Suppose -4*i = 14*w - 12*w - 18, -w + 4*i = 15. Let z(m) be the second derivative of 7*m**3/3 - m**2/2 + m. What is z(w)?
13
Suppose -2*f - 4*g + 12 = 0, 0 = 3*f - 8*g + 9*g - 8. Let v(u) be the first derivative of 8*u - 